hat is the hundreds digit of x?
2
Let p = -122 - -125. Suppose j - 174 = -a, p*j = -2*j + 3*a + 838. What is the tens digit of j?
7
Let c be (-6)/2 - (3 - 1 - -18808). Let u be 2/(-3 - c/6270). What is the tens digit of ((-4)/10)/((-11)/u)?
5
Let v = 338 + -329. Suppose -3380 = -v*k + 2488. What is the hundreds digit of k?
6
What is the tens digit of 420195/36 - ((-4)/60)/(20/(-25))?
7
Let f(z) = -2*z - 16. Let g be f(-14). Let l(t) = g - 1 + 6*t - 4. What is the tens digit of l(1)?
1
Let s(f) = -f**2 + 6*f + 11. Let a be s(12). Let o = a + 66. Suppose o*y + 575 = 5*p, 4*p + 4*y - 448 = 5*y. What is the tens digit of p?
1
What is the hundreds digit of ((-325280)/40)/(-5 - -1)?
0
Suppose 373 = f - 83. Suppose -2*d = -6*d + f. Suppose -306 - d = -6*y. What is the units digit of y?
0
Let g = 6050 - 993. Suppose -g = 17*u - 30*u. What is the tens digit of u?
8
Suppose -g + 1 - 8 = 0. Let r = 9 + g. Suppose -2*i + 118 = -4*b, 6*i + r*b - 246 = 2*i. What is the tens digit of i?
6
Let b = 42696 + -25464. What is the units digit of b?
2
Let j = -4866 + 9982. Suppose 4*k - 6*k + 3*h + 2564 = 0, -4*k + 3*h = -j. What is the tens digit of k?
7
Let h(l) be the third derivative of l**4/4 + 47*l**3/2 - 99*l**2. What is the tens digit of h(26)?
9
Suppose -9*f + 8*f + 10 = 0. Suppose f*s - 16*s = -42. Suppose s*n = n + 1230. What is the units digit of n?
5
Let y be 4 - (-8)/(-4)*-367. Suppose 13*q = 7*q + y. What is the tens digit of q?
2
Let w(x) = x**2 - 2*x + 1. Let r(t) = -231*t**2 - 8*t + 4. Let s(i) = -r(i) + 4*w(i). Suppose 0 = 3*p - 3 - 0. What is the hundreds digit of s(p)?
2
Suppose 4*o + 2*o = -2136. Let u = 621 + o. What is the units digit of u?
5
Let r(j) = -j**3 - 5*j**2 + 14*j + 1. Let o = -85 + 78. Let t be r(o). What is the tens digit of (0 - t*2)/((-36)/846)?
4
Suppose -4 = -6*k + 4*k. Suppose k*u + 22 = p + 3*p, -3*p + 24 = -3*u. Suppose -p*r = -33 - 78. What is the tens digit of r?
3
Let o(i) = -26*i**2 + 1986*i + 151. What is the ten thousands digit of o(56)?
2
Suppose 2*n - 7 - 1 = 0. Suppose 2*a - 5*a - i = -5, -2*a + n*i + 8 = 0. What is the tens digit of (a/2)/((-2)/(-102))?
5
What is the tens digit of 132/16 + (-48)/6 - 118846/(-8)?
5
Suppose 4*t + 0*o + 352 = -o, 3*t = o - 271. Let s = 92 + t. Suppose -4*y = 16, -2*r + 2 = s*y + y. What is the units digit of r?
9
Let o(w) = 26*w - 71. Let p be o(3). Suppose 5*k = -11*s + p*s + 763, -5*k = 25. What is the tens digit of s?
9
Let f(p) = -p**3 - 13*p**2 - 14*p - 17. Let o be f(-12). Suppose 8*g = o*g + 8. Suppose -119 - 97 = -g*n. What is the units digit of n?
7
Let x(h) = 2234*h**2 - 11*h + 6. What is the tens digit of x(-2)?
6
Suppose 58 = 4*n + 18. Let y(p) = 5 - 13 - 15 - 66*p + 81*p. What is the tens digit of y(n)?
2
Let w = 187 - 280. Let m be w*(-2)/3*(-1)/(-1). Suppose -4*o = j - m, j - 4*o - 184 = -j. What is the tens digit of j?
8
Let s(o) = 125*o - 64. Let z = -271 + 277. What is the units digit of s(z)?
6
Suppose 224*h = 197*h + 86697. What is the tens digit of h?
1
Let j = -26 + 33. Suppose 3*c - 18 = 3*y, 2*y = -4*c - 1 + j. Suppose 0 = -2*w - c*w + 90. What is the units digit of w?
8
Let y(k) = 14*k**2 - 103*k + 805. What is the ten thousands digit of y(78)?
7
Suppose 9865 = 4*d - 7683. Suppose -3*g + 5*z + d = 0, 0 = 5*g - 7*z + 12*z - 7365. What is the units digit of g?
9
Let p = 126 - 170. Let x = 49 - p. What is the tens digit of x?
9
Let b be 1*(-4)/(-10) - (-122589)/265. What is the tens digit of b + 2/((-6)/9)?
6
Suppose -166*i = -167*i - 4*a + 39054, -3*a = -4*i + 156159. What is the ten thousands digit of i?
3
Let k = -24694 + 45194. What is the ten thousands digit of k?
2
Let i be 3/12 + (-322)/8. Let l(q) = q**3 + 19*q**2 - 38*q + 7. Let z be l(-21). Let m = i - z. What is the tens digit of m?
3
Let u(w) = w**3 + 27*w**2 + 12*w + 53. Let x be u(-28). Let a = -587 - x. What is the hundreds digit of a?
4
Let o be ((-2)/4)/(((-28)/24)/7). Suppose -2*f - o*b = -14, 0 = -2*f - 5*b + 3 + 11. Suppose f*h - 294 = 539. What is the units digit of h?
9
Let x(i) be the third derivative of 3*i**2 + 0 - 2/3*i**3 - 31/24*i**4 + 0*i. What is the tens digit of x(-5)?
5
Suppose 91*p + 217525 = 102*p. What is the thousands digit of p?
9
Let w(r) = 31*r**2 - 13*r - 49. What is the thousands digit of w(-26)?
1
Let d = -607 + 1118. Let v = 691 - d. What is the hundreds digit of v?
1
Suppose 17*x - 18*x = -23. Suppose 324 = 7*h + x. What is the units digit of h?
3
Suppose 0*s + 2*n - 12 = -s, n = s. What is the hundreds digit of (s + 2 + -5)/(1/149)?
1
What is the units digit of 41780/5 - (-7)/(-1)?
9
Let d(t) be the first derivative of -t**4/4 + 4*t**3/3 + t**2/2 - 2*t - 1. Let r be 1*9/(-36)*-4 - -2. What is the units digit of d(r)?
0
Let g = -45926 + 99436. What is the ten thousands digit of g?
5
Let b = -41 + 12. Suppose 0 = 9*i - 475 + 34. Let g = i + b. What is the tens digit of g?
2
Suppose 31 = -p + 4*p - 5*v, 3*p + 19 = -5*v. Suppose -3*f - 40 = p*f. Let l = f + 19. What is the tens digit of l?
1
Let l be (-90)/405 + 38*194/(-36). Let j = l + 432. What is the hundreds digit of j?
2
Let l(x) = x**3 - 6*x**2 + 5*x + 10. Let m be l(5). Suppose 17*z = 18*z - m. What is the units digit of z?
0
Suppose 0 = -5*l - u + 11455, 4*l - 5*u + 4289 - 13424 = 0. What is the tens digit of l?
9
Let f(a) = 11 + 55 - 137*a + 45 + 0 + 7. What is the thousands digit of f(-9)?
1
Let c = -68233 + 126631. What is the ten thousands digit of c?
5
What is the tens digit of (-1151280)/(-576)*(30/2 - 3)?
8
Suppose 6 - 141 = -5*a. Let d(h) = 44 + 0*h - 4*h - 2*h + h**2 - a. What is the tens digit of d(-6)?
8
Let b be (1/(-2) + 2)*22. Let y be (b/(-15) + 5)/((-1)/(-30)). Let f = 50 + y. What is the hundreds digit of f?
1
Suppose 4 = -2*w, -5*k + w + 36 = -2*w. Let b(i) = 4*i**3 - 22*i**2 - 10*i + 13. What is the tens digit of b(k)?
2
What is the tens digit of ((-1172518)/(-492))/(2/12) + 5?
0
Let h(y) be the second derivative of -3*y**5/10 + y**4/6 - 5*y**3/6 - 19*y**2/2 + 2080*y. Let k = -4 - -1. What is the units digit of h(k)?
6
Let s(n) = 56*n**3 + 3*n**2 - 6*n + 36. What is the thousands digit of s(6)?
2
Suppose -2 = x + 5*b, 4*b - 15 = -4*x + 7*b. Suppose -3*y = -y - 5*l - 190, -327 = -3*y - x*l. What is the units digit of y?
5
Let c = -94409 + 174119. What is the ten thousands digit of c?
7
Suppose 88*r + 1648212 = 202*r. What is the thousands digit of r?
4
Let w(y) = 6*y + 54. Let d be w(-9). Suppose d = 3*g + 94 + 71. Let q = -44 - g. What is the units digit of q?
1
Let p(x) = 274*x + 16. What is the ten thousands digit of p(98)?
2
Let k = -5863 + 13221. What is the tens digit of k?
5
Let s = 12966 + -70. What is the hundreds digit of s?
8
Let l = 17661 + -9912. What is the tens digit of l?
4
Let z(n) = n**2 + 2*n - 3. Let s be z(-4). Suppose -s*m + 7 + 8 = 0. What is the units digit of (-45)/(-30)*44/m?
2
Let g = -45 + 53. Suppose -t - 2*t + 110 = 2*l, 0 = -2*t + g. What is the tens digit of 3 - (-1*3 - l/7)?
1
Suppose 2*m = 2*l + 132, -3*m = 3*l - 4*l - 64. Let k = l + 63. What is the units digit of -2 - 7/(-4) - 473/k?
8
Suppose 86*l - 7119756 = -8*l - 172*l. What is the hundreds digit of l?
7
Let s = -1911 - -2499. What is the tens digit of s?
8
Suppose 5*z = 4*c, -2 = -3*c - z + 17. What is the tens digit of (2228*4/8)/(c + -3)?
5
What is the hundreds digit of (17 + -2 + -13)*1123?
2
Let r(g) = -5092*g - 3262. What is the thousands digit of r(-7)?
2
Let g(u) = u**3 - 12*u**2 + 6*u - 31. Let x be g(12). Let z = -36 + x. What is the hundreds digit of (-18)/(-45) - (-583)/z*1?
1
Suppose -20*o + 133025 - 965 = -76460. What is the tens digit of o?
2
Let d = 88 - 83. Suppose -d*p = j + 229, 2*p - 1033 = 5*j - p. Let r = 348 + j. What is the hundreds digit of r?
1
Let s(c) = 0 - 20*c + 0*c**2 + c**2 + 19*c - c**3 + 1. Let f be s(0). What is the units digit of 56/(-112)*114*(f - 3)?
4
Let n = 89 + -210. Let w = n + 130. Let o(k) = k**3 - 7*k**2 - 15*k + 5. What is the tens digit of o(w)?
3
Suppose -4*g + 4234 = -5*b, 2*g + b - 2118 = 3*b. Let c = g - 678. What is the hundreds digit of c?
3
Suppose 2*q - 2*o = 10184, 0 = 64*q - 62*q + 3*o - 10204. What is the thousands digit of q?
5
Let o(c) = -3*c - 23. Let n be o(-9). Suppose n*y + 3*m = 2*y + 746, m = 4. What is the units digit of y?
7
Let o 